5)/(-6).
3, 7
Let o(d) = -2*d**2 - 5. Let l be o(-4). Let h = 173 + -199. Let f = h - l. What are the prime factors of f?
11
Suppose 2*f - 3149 = 5*p + 2324, 0 = 2*f - p - 5485. What are the prime factors of f?
2, 7
Let x = 44 + -54. Suppose -u = 5*g + 17 - 5, -3 = 3*g. Let k = u - x. What are the prime factors of k?
3
Suppose -3423 - 1737 = -24*w. What are the prime factors of w?
5, 43
Suppose 35*b + 5*b = 168880. List the prime factors of b.
2, 2111
Let q = -136 + 235. Suppose m - 3*o - q = 0, -2*m + 129 = -m + 3*o. List the prime factors of m.
2, 3, 19
Let v(f) = f**3 + 20*f**2 - f - 24. Let r be v(-20). Let m(c) be the second derivative of c**3/6 + 4*c**2 - c. What are the prime factors of m(r)?
2
Let w(d) = d**2 - 2. Let t be w(-3). List the prime factors of 21*4 - ((-3 - 1) + t).
3
Let l be (1 + -6)/((-2)/6). Suppose -u - l = -4*u. Suppose -3*f + 36 = 3*w, f = -0*f - u*w. What are the prime factors of f?
3, 5
Let g(u) = -17 + 3 + 4 + 6*u**2 + 2*u. What are the prime factors of g(3)?
2, 5
List the prime factors of (-4)/2 + 2 + 1865 + 4.
3, 7, 89
Let y = -3 - -5. Let l be -5*2/(-4)*y. Suppose s + 64 = l*s. What are the prime factors of s?
2
Suppose 6 = 2*z, -14*k - 3*z = -9*k - 1484. List the prime factors of k.
5, 59
Let v be (-3 + 2)*4/(-2). Let x be v*(-4)/8*-41. Let i = x + -21. List the prime factors of i.
2, 5
Let g be (-64)/20*(-1 + -4). Suppose 8*b - 88 = -g. Suppose 65 = -4*c + b*c. What are the prime factors of c?
13
Let q be (1 - -2)/(15/10). Suppose -2*w + 178 = q*c, -3*c + 354 = 4*w - 0*c. What are the prime factors of w?
3, 29
Suppose 3*o + 10 = -2*s + 24, 3*s + 4*o - 19 = 0. What are the prime factors of (14 - 2)/(s + 2/4)?
2
List the prime factors of (5242 - (2 - (-1 + -4))) + 5.
2, 5, 131
Let y(h) = 6*h**2 + 2*h - 4*h + h**3 - 5 + 0*h**3. Suppose -4 = c + s, 2*s + 14 = 7*c - 10*c. List the prime factors of y(c).
7
What are the prime factors of (-1)/(4*2/5608)*-1?
701
Let k be (-1)/((-1)/89*(-23)/46). Let r = -150 - k. List the prime factors of r.
2, 7
Suppose -105 = -16*h + 11*h. Suppose 3*o - 3 = 5*y - 0, -3*y + h = 2*o. What are the prime factors of 8/o - (-1148)/21?
2, 7
Suppose 7*v - 6295 = 621. List the prime factors of v.
2, 13, 19
Let g be -4*-3*3/6. Suppose 0 = -q - 3*p + 1, 2*q + 6*p = 3*p - 1. Let u = g + q. List the prime factors of u.
2
Let a(h) = -h**2 - 8*h - 3. Let l be a(-7). Let w = l - 4. Suppose 5*t - 45 = -w*t. What are the prime factors of t?
3
Let p be (-5)/(-2)*252/10. Let z = -55 + p. What are the prime factors of z?
2
Let y(o) = -o**2 + 17*o + 16. Let g be y(18). List the prime factors of 13 + 45 + 1*g.
2, 7
Let p(z) = -z**3 - 10*z**2 - 12*z + 13. What are the prime factors of p(-12)?
5, 89
Suppose -99 = -2*g - 3*t, 2*t + 3 - 13 = 0. What are the prime factors of -2*3/(-21) + 2424/g?
2, 29
Let j(l) = l**3 + 4*l**2 - 5*l - 3. Let s be j(-4). Suppose 3 - 7 = 2*y. Let z = s + y. What are the prime factors of z?
3, 5
Suppose 2*i = -0*i - 190. Let a = i - -167. Suppose -3*s - 2*s + a = 2*r, s - 16 = -2*r. List the prime factors of s.
2, 7
Let r be (-3)/(-24) - 2/16. Let m(z) = 2*z**3 + 36. List the prime factors of m(r).
2, 3
Let s(z) = 25*z**2 + 3. Let f(v) = 25*v**2 + 4. Let h(u) = -2*f(u) + 3*s(u). What are the prime factors of h(1)?
2, 13
What are the prime factors of (0 - 9)*50/10*-11?
3, 5, 11
Suppose -109 = -8*q + 115. List the prime factors of (-35)/q*2*(-28 + 0).
2, 5, 7
Let q(w) = -w**2 - 3*w + 3. Let z be q(-4). Let u be (-1)/z - (-4)/4. Suppose -5*b + 0*g + 2*g = -89, -u*b + 32 = g. What are the prime factors of b?
17
Let j be -5 + (-4)/(-26) + (-2)/13. Let p(c) = c**3 + 8*c**2 + 6*c - 2. What are the prime factors of p(j)?
43
Let s be (-12)/(-48) - (-403)/4. Let j = -27 + s. What are the prime factors of j?
2, 37
Suppose 9*y + 380 = 13*y. Let p = 141 - y. Suppose 3*r - 39 = 5*w + 55, -2*r - 5*w + p = 0. What are the prime factors of r?
2, 7
Let d be 5/(-1)*1152/(-30). Let t = -129 + d. List the prime factors of t.
3, 7
Suppose -m + 27 + 2 = -3*o, 18 = -2*o + 2*m. Let t be ((-16)/o)/(2/5). Suppose -h + 57 = -6*w + 5*w, -h - t*w = -37. What are the prime factors of h?
53
Let r(i) = i**2 + 7*i + 6. Let m be r(-6). Suppose m*k + 4*l = 3*k + 55, k = -4*l - 13. List the prime factors of k/(-3)*(-135)/(-15).
3, 17
Suppose 1599 = 2*r + h + 103, -r = 5*h - 748. What are the prime factors of r?
2, 11, 17
Let k(p) be the third derivative of 17*p**4/24 - p**3 + 10*p**2. What are the prime factors of k(6)?
2, 3
Suppose -112 + 37 = -5*s. Suppose y + 2*y = s. Let o = y + 8. What are the prime factors of o?
13
Suppose -2*f + 308 = 2*f + 4*z, 311 = 4*f + z. Let w = -3 + f. List the prime factors of w.
3, 5
Let l(d) = -5*d**2 - 8*d - 4. Let m be l(-6). Let f = m - -234. List the prime factors of f.
2, 7
Suppose c = -5*s - 3, 4*s - 15 = 3*c + 2*c. Suppose s = 5*w - 130 + 10. List the prime factors of w.
2, 3
List the prime factors of (24/(-10))/((-15)/400).
2
List the prime factors of (23 - 1007)*6/(-9).
2, 41
Let j = 27 + -24. Suppose 215 = 2*g + j*g. List the prime factors of g.
43
Let o = 2187 + -1262. What are the prime factors of o?
5, 37
Suppose 5*x = -5*h + 3105, -h + 2*x + 113 = -493. What are the prime factors of h?
2, 7, 11
Let c = 209 + 24. List the prime factors of c.
233
Let j = 98 - 95. Suppose -2*h + h = 4*b - 220, b = -j*h + 605. List the prime factors of h.
2, 5
Suppose -158 + 61 = -d - 3*c, 93 = d + 2*c. Suppose -3*p + 5 + d = 0. List the prime factors of (6/5)/(4/p).
3
Let f = -245 - -542. List the prime factors of f.
3, 11
Let r = 136 - 78. Let i = r + 24. What are the prime factors of i?
2, 41
Suppose 25*i = 27219 + 1706. What are the prime factors of i?
13, 89
Let v be ((-24)/10)/(4/40). Let t be 6/v - (-6)/(-8). List the prime factors of 106*(t + 9/6).
53
What are the prime factors of 5 - (5 + -963 + 2)?
31
Let v(x) = -x**3 + 6*x**2 + 2*x. What are the prime factors of v(5)?
5, 7
Suppose 2*x - 6 = 0, -19*x + 17*x = -3*s + 7689. List the prime factors of s.
3, 5, 19
Suppose 228 - 564 = -7*t. Suppose 360 = t*j - 44*j. What are the prime factors of j?
2, 3, 5
Let a(c) = -13*c - 6 - 93*c**2 + c**3 + 105*c**2 + 4. Let n be a(-13). List the prime factors of n/(-13) - 232/(-13).
2, 3
Let i = 3 - 0. Suppose -344 = -r + 4*z, 0 = -2*r + 6*r + i*z - 1300. List the prime factors of r/10 + 2/10.
3, 11
Let j = 30 - 30. Suppose -4*y + b = -j*y - 672, 350 = 2*y + 3*b. What are the prime factors of y?
13
Let x(y) = 2*y**2 + 9*y + 6. List the prime factors of x(-19).
557
Suppose 23*x - 6440 = 16*x. What are the prime factors of x?
2, 5, 23
Suppose -p + 230 = -10. Let x = -143 + p. What are the prime factors of x?
97
Let g(x) = -29*x + 9. What are the prime factors of g(-23)?
2, 13
Let w(o) = 10*o + 1. Let g = -8 + 9. Let d be w(g). Let t = 8 + d. What are the prime factors of t?
19
Suppose -53*j = -41*j - 19284. What are the prime factors of j?
1607
Let y be 14/49 + 914/(-14). Let k = -5 - y. List the prime factors of k.
2, 3, 5
What are the prime factors of 171 + (10 - 7) + 0?
2, 3, 29
Let k = -709 - -744. List the prime factors of k.
5, 7
Suppose -2*v - t + 4*t = -12, 4*v - 18 = 3*t. Suppose -v*f = -8*f + 125. List the prime factors of f.
5
Let l = -2061 - -2932. List the prime factors of l.
13, 67
Let b(v) = 2*v**2 + 14*v + 3. Let u be b(-3). What are the prime factors of (-5454)/u + 22/77?
2, 5, 13
Let p be (-5 - 265/(-35))*119. Suppose -3*g + 4*g + 3*d - p = 0, 0 = 3*d - 15. What are the prime factors of g?
3, 97
Let o(r) = -r**3 + 15*r**2 - 10*r - 20. Let m be o(14). Suppose -h + 96 = -m. What are the prime factors of h?
2, 3, 11
Let w(v) = 4*v + 33. Let c(m) = m. Let f(s) = 5*c(s) + w(s). List the prime factors of f(9).
2, 3, 19
Suppose -11*d = -4*d - 140. Let o = d + -15. List the prime factors of o.
5
Let d(x) = 13*x - 17. Let u be d(12). Suppose -101 = -5*b + u. List the prime factors of b.
2, 3
Suppose -13 = 5*u + 7. List the prime factors of (-3 - (1 - 2))/(u/52).
2, 13
Suppose 4*a - 13 = 10*i - 5*i, -5*a + 3*i = -26. Suppose 0 = -a*z + 5*z + 68. What are the prime factors of z?
2, 17
Let f(g) = -3*g - 45. Let y be f(-16). List the prime factors of (23/y)/(10/180).
2, 3, 23
Suppose 4*o = -0*o + 16. Suppose -o - 636 = -5*b. List the prime factors of b.
2
Let v(k) = -16*k**2 - 2. Let f be 